{"id":365,"date":"2020-03-11T15:49:51","date_gmt":"2020-03-11T14:49:51","guid":{"rendered":"http:\/\/elrengleconsultors.com\/serveis-de-gestio-i-assessoria-per-a-empreses\/"},"modified":"2020-03-11T15:53:43","modified_gmt":"2020-03-11T14:53:43","slug":"serveis-de-gestio-i-assessoria-per-a-empreses","status":"publish","type":"page","link":"https:\/\/elrengleconsultors.com\/ca\/serveis-de-gestio-i-assessoria-per-a-empreses\/","title":{"rendered":"Serveis de gesti\u00f3 i assessoria per a empreses"},"content":{"rendered":"\n<div class=\"wp-block-columns are-vertically-aligned-center is-layout-flex wp-container-core-columns-is-layout-1 wp-block-columns-is-layout-flex\">\n<div class=\"wp-block-column is-vertically-aligned-center is-layout-flow wp-block-column-is-layout-flow\" style=\"flex-basis:33.33%\">\n<p class=\"has-medium-font-size background-block\">La tranquil\u00b7litat de treballar amb una gestoria que es preocupa per tu<\/p>\n<\/div>\n\n\n\n<div class=\"wp-block-column is-vertically-aligned-center is-layout-flow wp-block-column-is-layout-flow\" style=\"flex-basis:66.66%\">\n<p><div class=\"textarea-desti col-xs-12 col-sm-6\">\r\n<div class=\"form-control second-textarea\">T&#8217;oferim un servei adaptat en <strong>totes les \u00e0rees administratives<\/strong> que pot requerir la teva empresa; fiscal, comptable, laboral i mercantil. Posem a la disposici\u00f3 dels nostres clients programari i apps amb l&#8217;objectiu de tenir total comunicaci\u00f3 Client-Assessor i crear un <strong>entorn col\u00b7laboratiu<\/strong> als nostres serveis.<\/div>\r\n<\/div><\/p>\n<\/div>\n<\/div>\n\n<p><\/p>\n","protected":false},"excerpt":{"rendered":"<p>La tranquil\u00b7litat de treballar amb una gestoria que es preocupa per tu T&#8217;oferim un servei adaptat en totes les \u00e0rees administratives que pot requerir la teva empresa; fiscal, comptable, laboral i mercantil. Posem a la disposici\u00f3 dels nostres clients programari i apps amb l&#8217;objectiu de tenir total comunicaci\u00f3 Client-Assessor i crear un entorn col\u00b7laboratiu als [&hellip;]<\/p>\n","protected":false},"author":1,"featured_media":0,"parent":0,"menu_order":0,"comment_status":"closed","ping_status":"closed","template":"template-servicios.php","meta":{"inline_featured_image":false,"footnotes":""},"_links":{"self":[{"href":"https:\/\/elrengleconsultors.com\/ca\/wp-json\/wp\/v2\/pages\/365"}],"collection":[{"href":"https:\/\/elrengleconsultors.com\/ca\/wp-json\/wp\/v2\/pages"}],"about":[{"href":"https:\/\/elrengleconsultors.com\/ca\/wp-json\/wp\/v2\/types\/page"}],"author":[{"embeddable":true,"href":"https:\/\/elrengleconsultors.com\/ca\/wp-json\/wp\/v2\/users\/1"}],"replies":[{"embeddable":true,"href":"https:\/\/elrengleconsultors.com\/ca\/wp-json\/wp\/v2\/comments?post=365"}],"version-history":[{"count":3,"href":"https:\/\/elrengleconsultors.com\/ca\/wp-json\/wp\/v2\/pages\/365\/revisions"}],"predecessor-version":[{"id":368,"href":"https:\/\/elrengleconsultors.com\/ca\/wp-json\/wp\/v2\/pages\/365\/revisions\/368"}],"wp:attachment":[{"href":"https:\/\/elrengleconsultors.com\/ca\/wp-json\/wp\/v2\/media?parent=365"}],"curies":[{"name":"wp","href":"https:\/\/api.w.org\/{rel}","templated":true}]}}

Serveis de gestió i assessoria per a empreses

<div class="wp-block-columns are-vertically-aligned-center is-layout-flex wp-container-core-columns-is-layout-1 wp-block-columns-is-layout-flex">
<div class="wp-block-column is-vertically-aligned-center is-layout-flow wp-block-column-is-layout-flow" style="flex-basis:33.33%">
<p class="has-medium-font-size background-block">La tranquil·litat de treballar amb una gestoria que es preocupa per tu</p>
</div>



<div class="wp-block-column is-vertically-aligned-center is-layout-flow wp-block-column-is-layout-flow" style="flex-basis:66.66%">
<p><div class="textarea-desti col-xs-12 col-sm-6">
<div class="form-control second-textarea">T&#8217;oferim un servei adaptat en <strong>totes les àrees administratives</strong> que pot requerir la teva empresa; fiscal, comptable, laboral i mercantil. Posem a la disposició dels nostres clients programari i apps amb l&#8217;objectiu de tenir total comunicació Client-Assessor i crear un <strong>entorn col·laboratiu</strong> als nostres serveis.</div>
</div></p>
</div>
</div>

<p></p>

<p>La tranquil·litat de treballar amb una gestoria que es preocupa per tu T&#8217;oferim un servei adaptat en totes les àrees administratives que pot requerir la teva empresa; fiscal, comptable, laboral i mercantil. Posem a la disposició dels nostres clients programari i apps amb l&#8217;objectiu de tenir total comunicació Client-Assessor i crear un entorn col·laboratiu als [&hellip;]</p>
